 divided by 462.
455
Calculate the remainder when 1126 is divided by 1037.
89
Calculate the remainder when 116905 is divided by 29225.
5
Calculate the remainder when 1383 is divided by 60.
3
Calculate the remainder when 17736 is divided by 1203.
894
What is the remainder when 39989 is divided by 155?
154
Calculate the remainder when 46057 is divided by 732.
673
Calculate the remainder when 20012 is divided by 4998.
20
Calculate the remainder when 1521 is divided by 244.
57
What is the remainder when 31804 is divided by 1983?
76
Calculate the remainder when 24079 is divided by 12013.
53
Calculate the remainder when 1548 is divided by 179.
116
Calculate the remainder when 302999 is divided by 921.
911
Calculate the remainder when 13330 is divided by 528.
130
Calculate the remainder when 1745 is divided by 24.
17
What is the remainder when 7436 is divided by 828?
812
What is the remainder when 25035 is divided by 626?
621
What is the remainder when 5219 is divided by 187?
170
Calculate the remainder when 372604 is divided by 124191.
31
What is the remainder when 8404 is divided by 2551?
751
What is the remainder when 1190 is divided by 344?
158
Calculate the remainder when 29223 is divided by 57.
39
Calculate the remainder when 37477 is divided by 9326.
173
What is the remainder when 137653 is divided by 68820?
13
Calculate the remainder when 81535 is divided by 26.
25
What is the remainder when 2813 is divided by 745?
578
What is the remainder when 432 is divided by 56?
40
Calculate the remainder when 995 is divided by 1.
0
What is the remainder when 2340 is divided by 1119?
102
Calculate the remainder when 373734 is divided by 137.
135
Calculate the remainder when 44012 is divided by 3.
2
Calculate the remainder when 2667001 is divided by 18.
13
Calculate the remainder when 1215 is divided by 232.
55
What is the remainder when 325697 is divided by 64?
1
What is the remainder when 90453 is divided by 49?
48
What is the remainder when 590 is divided by 560?
30
Calculate the remainder when 33291 is divided by 19.
3
What is the remainder when 92752 is divided by 138?
16
Calculate the remainder when 1288 is divided by 451.
386
Calculate the remainder when 2712 is divided by 426.
156
Calculate the remainder when 10653 is divided by 24.
21
Calculate the remainder when 126205 is divided by 104.
53
Calculate the remainder when 5511 is divided by 13.
12
Calculate the remainder when 80983 is divided by 19.
5
Calculate the remainder when 3694 is divided by 46.
14
Calculate the remainder when 6871 is divided by 693.
634
Calculate the remainder when 4427 is divided by 4379.
48
What is the remainder when 3990 is divided by 354?
96
Calculate the remainder when 238286 is divided by 146.
14
Calculate the remainder when 4648 is divided by 3608.
1040
Calculate the remainder when 187150 is divided by 313.
289
What is the remainder when 118652 is divided by 3122?
16
Calculate the remainder when 135384 is divided by 624.
600
What is the remainder when 4884 is divided by 305?
4
What is the remainder when 1909 is divided by 374?
39
Calculate the remainder when 13675 is divided by 1600.
875
Calculate the remainder when 8539 is divided by 17.
5
What is the remainder when 731 is divided by 200?
131
Calculate the remainder when 6736 is divided by 224.
16
Calculate the remainder when 2380 is divided by 184.
172
What is the remainder when 5133 is divided by 105?
93
What is the remainder when 18813 is divided by 168?
165
What is the remainder when 174809 is divided by 10?
9
What is the remainder when 1625049 is divided by 284?
1
What is the remainder when 4461 is divided by 153?
24
Calculate the remainder when 752860 is divided by 374.
372
Calculate the remainder when 12849 is divided by 12.
9
What is the remainder when 1353961 is divided by 14?
7
What is the remainder when 23812 is divided by 2095?
767
Calculate the remainder when 19108 is divided by 197.
196
What is the remainder when 962187 is divided by 9?
6
Calculate the remainder when 2189 is divided by 119.
47
Calculate the remainder when 180814 is divided by 12.
10
Calculate the remainder when 7948 is divided by 2646.
10
Calculate the remainder when 162869 is divided by 122.
121
Calculate the remainder when 36660 is divided by 632.
4
What is the remainder when 45469 is divided by 425?
419
Calculate the remainder when 2194 is divided by 535.
54
Calculate the remainder when 14838 is divided by 368.
118
What is the remainder when 2922 is divided by 150?
72
Calculate the remainder when 3752 is divided by 1784.
184
Calculate the remainder when 18722 is divided by 2340.
2
Calculate the remainder when 99451 is divided by 148.
143
What is the remainder when 53098 is divided by 300?
298
Calculate the remainder when 5209 is divided by 93.
1
What is the remainder when 4511 is divided by 96?
95
What is the remainder when 7083 is divided by 444?
423
What is the remainder when 11693 is divided by 2319?
98
Calculate the remainder when 232100 is divided by 550.
0
Calculate the remainder when 626 is divided by 165.
131
What is the remainder when 16287 is divided by 1474?
73
Calculate the remainder when 154708 is divided by 118.
10
What is the remainder when 158676 is divided by 188?
4
Calculate the remainder when 31881 is divided by 40.
1
Calculate the remainder when 2957 is divided by 42.
17
What is the remainder when 1866 is divided by 52?
46
What is the remainder when 76655 is divided by 38315?
25
Calculate the remainder when 268844 is divided by 18.
14
Calculate the remainder when 186927 is divided by 3665.
12
Calculate the remainder when 14797 is divided by 159.
10
What is the remainder when 37330 is divided by 54?
16
What is the remainder when 90548 is divided by 231?
227
Calculate the remainder when 8038 is divided by 503.
493
What is the remainder when 25134 is divided by 27?
24
Calculate the remainder when 244026 is divided by 1271.
1265
What is the remainder when 399 is divided by 31?
27
Calculate the remainder when 2077 is divided by 362.
267
What is the remainder when 2413 is divided by 489?
457
Calculate the remainder when 1369422 is divided by 75.
72
Calculate the remainder when 829310 is divided by 608.
606
What is the remainder when 20157 is divided by 10076?
5
Calculate the remainder when 2547 is divided by 68.
31
Calculate the remainder when 65850 is divided by 85.
60
Calculate the remainder when 25597 is divided by 184.
21
Calculate the remainder when 198767 is divided by 55.
52
Calculate the remainder when 5656 is divided by 135.
121
What is the remainder when 812 is divided by 274?
264
Calculate the remainder when 928 is divided by 379.
170
What is the remainder when 4704 is divided by 89?
76
What is the remainder when 12497 is divided by 263?
136
Calculate the remainder when 5945 is divided by 31.
24
What is the remainder when 160349 is divided by 394?
385
What is the remainder when 478400 is divided by 36?
32
Calculate the remainder when 1674 is divided by 795.
84
What is the remainder when 3305 is divided by 97?
7
What is the remainder when 17476 is divided by 119?
102
What is the remainder when 103741 is divided by 194?
145
What is the remainder when 2056244 is divided by 625?
619
What is the remainder when 37566 is divided by 88?
78
Calculate the remainder when 117876 is divided by 379.
7
What is the remainder when 460165 is divided by 153388?
1
Calculate the remainder when 32403 is divided by 19.
8
What is the remainder when 43028 is divided by 31?
0
What is the remainder when 53597 is divided by 13393?
25
Calculate the remainder when 6411 is divided by 253.
86
What is the remainder when 2441150 is divided by 56?
54
What is the remainder when 33010 is divided by 111?
43
Calculate the remainder when 18444 is divided by 43.
40
Calculate the remainder when 36393 is divided by 12.
9
Calculate the remainder when 1586 is divided by 298.
96
Calculate the remainder when 123131 is divided by 123125.
6
Calculate the remainder when 9489 is divided by 16.
1
What is the remainder when 12367 is divided by 93?
91
Calculate the remainder when 158069 is divided by 54.
11
What is the remainder when 13284 is divided by 1003?
245
Calculate the remainder when 1691391 is divided by 229.
226
What is the remainder when 8875 is